 - 5*v + 6. Let r be b(-5). What is the greatest common factor of m and r?
6
Let h = 53 - 38. Suppose 18*s - 33 = h*s. Calculate the greatest common divisor of 99 and s.
11
Let z = 11 - 11. Suppose z = k - 0*k - 2. Calculate the highest common factor of k and 8.
2
Let y be (-4)/10 + 388/20. What is the highest common divisor of 209 and y?
19
Let b be -2*(-2 + 1/1). Suppose -3*t + 7 = -b*t. Let c be (1 - (-3 - -39))/(-1). What is the highest common divisor of c and t?
7
Suppose -18*i - 22 = -20*i. What is the highest common factor of i and 11?
11
Let o = 25 - 21. Calculate the highest common factor of o and 4.
4
Let x(q) = -q**2 + 10*q + 8. Let c be x(10). Calculate the highest common factor of c and 80.
8
Suppose -4*a = a - 100. Let h be 3/2*(-380)/(-30). Let x = h + -14. What is the greatest common factor of x and a?
5
Let q be 0/(3/(-1) - -1). Suppose q = -4*l + 12, 0*m + 340 = 2*m - 4*l. Let u = -26 - -42. Calculate the highest common divisor of u and m.
16
Let y(m) = 29*m + 1. Suppose 5*s - 2 = 3*n, -2*s = 4*n - 6*n. Let f be y(n). Calculate the greatest common divisor of 10 and f.
10
Suppose 3*p + 24 = 4*z - p, 5*p + 24 = 2*z. Let n be 6/(4 + -3) - (1 - 1). Calculate the greatest common factor of z and n.
2
Let m(p) = p + 1. Suppose 5*z + 2*k - 6*k + 7 = 0, -z + 2*k - 5 = 0. Let x be m(z). Let n be (-23 + x)/(-3) - 1. What is the highest common factor of n and 30?
6
Let g(w) = -2*w + 7. Let s be g(-5). What is the highest common factor of 17 and s?
17
Let i = -14 - -46. Calculate the greatest common factor of 48 and i.
16
Let s be ((-56)/(-20))/((-1)/(-5)). Let u be (2 + -1 + -106)*-4. Suppose 3*k + u = 5*p, p - 2*k + s = 105. What is the highest common factor of p and 9?
9
Suppose 0 = u - 2*q + 7*q - 44, -4*q = -16. Calculate the greatest common divisor of 24 and u.
24
Let l = 203 - 119. Calculate the greatest common factor of 14 and l.
14
Suppose 0 = -3*y - 1 + 217. Calculate the greatest common factor of 18 and y.
18
Let v be 81/(-18)*(-2 - 28). Let c(o) = 4*o**2 - 1. Let p be c(2). Calculate the highest common factor of v and p.
15
Suppose 58 + 10 = 2*h - 4*f, h + 3*f = 9. What is the greatest common divisor of 240 and h?
24
Suppose 4*i = 8, m - 3*m = -4*i - 32. Calculate the greatest common factor of 180 and m.
20
Suppose -3*r = 2*j - 0*r - 11, -5*r = 4*j - 17. Let a be (-12 - 3)*j/5. What is the greatest common factor of 12 and a?
6
Let o be (-2 - 3 - -3) + 47. Suppose 3*f - 2*f = o. What is the highest common divisor of 9 and f?
9
Let s be 4 + -4 - (-4)/(-2). Let g = s + 8. Suppose w - 3*v + 6 = 0, -2*w + 5*v - 4 - 5 = 0. Calculate the highest common factor of g and w.
3
Suppose -4*r + 41 + 187 = 0. What is the greatest common factor of 19 and r?
19
Suppose 28*r + 3 = 563. Calculate the highest common factor of r and 40.
20
Let l be 46/(-3) + (-1)/(-3). Let k = -10 - l. Suppose 3 - 23 = -k*r. What is the highest common divisor of 16 and r?
4
Let c(y) = y**2 + y + 50. Let b be c(0). Calculate the greatest common divisor of 50 and b.
50
Let n = 310 - 140. What is the highest common factor of n and 10?
10
Suppose 6*z - 2*z - 4 = 0. Let v(f) = f - 2. Let b be v(6). Suppose -h + g - 11 = -b*h, -6 = -3*g. What is the greatest common divisor of z and h?
1
Let w = 32 - 13. Calculate the greatest common divisor of w and 171.
19
Let f = 16 - -110. What is the highest common factor of f and 14?
14
Let i(y) = y**3 + 11*y**2 + 10*y + 6. Let o be i(-10). What is the highest common divisor of o and 48?
6
Suppose -2*z = 4*v - 16, 5*z - v - 8 = 21. Suppose 0*g = g - 5. Suppose 0 = 3*s - g - 7. What is the greatest common divisor of s and z?
2
Suppose 0 = -y + 5*c + 43, -181 = 4*y + 2*c - 441. Let o = y - -42. Calculate the highest common divisor of o and 42.
21
Let n be ((-2)/(-4))/(2/48). Calculate the highest common divisor of n and 12.
12
Let j = -10 - -15. What is the greatest common divisor of 5 and j?
5
Let p = 32 - 10. Let t = p - 16. Let f(h) = 16*h - 2. Let a be f(2). Calculate the highest common divisor of a and t.
6
Let m = 18 - 2. Let y be (-290)/(-12) - (-6)/(-36). What is the highest common divisor of y and m?
8
Let b(p) = p**3 + 9*p**2 + 3. Suppose 2 = -2*k - 16. Let i be b(k). Let g = -2 + i. What is the greatest common divisor of g and 4?
1
Let r(w) = -w - 14. Let g be r(-6). Let z be 2/g + 458/8. What is the greatest common divisor of 38 and z?
19
Suppose 3*f - 154 = -2*x, 84 = x + 7*f - 2*f. Suppose 0 = 4*n + 5*t - 422, -4*n + 4*t + 366 = -x. What is the highest common factor of n and 12?
12
Let h be 5/2*(-6 + 4). Let w = 7 + h. What is the greatest common divisor of w and 1?
1
Let i(q) = q**2 + 13*q + 16. Let p be 2/(-3) + (-222)/18. Let l be i(p). What is the greatest common divisor of l and 2?
2
Suppose 4*a = -2*o - 14, -2*o + 5*a + 2 + 20 = 0. Let p = o - -16. Calculate the greatest common divisor of 17 and p.
17
Let r = -9 + 25. Calculate the greatest common factor of r and 176.
16
Let k(q) = -q**3 + q - 1. Let w = 1 + -3. Let b be k(w). Suppose b*t = t + 144. Calculate the highest common factor of 24 and t.
12
Suppose -3*y + 4*x = -207, y - 35 = 2*x + 36. Let q(m) = 2*m**2 - 8*m + 2. Let g be q(6). Calculate the greatest common factor of y and g.
13
Let d(w) = -w + 7. Let k = -16 + 11. Let g be d(k). Let u = g + 8. What is the highest common divisor of 60 and u?
20
Let i(v) = v**3 - 5*v**2 - 3*v - 3. Let d be i(6). Calculate the highest common factor of d and 15.
15
Let f be (23 - 21) + 31*1. Suppose -2 = -2*l, -3*k + 7 = -2*l - 0*l. Calculate the greatest common divisor of k and f.
3
Let d be (-1)/((-22)/(-10) + -2). Let l be ((-12)/10)/((-1)/d). Let h be (3/l)/((-2)/36). What is the highest common divisor of h and 81?
9
Suppose b - 16 = -4*w, 0 = -3*b - 2*b - 2*w + 80. Calculate the greatest common factor of b and 2.
2
Let b be (-33)/(-3 + 0) - -2. Let q be ((-12)/2)/((-18)/156). Calculate the highest common divisor of b and q.
13
Let f = 5 + 23. What is the highest common factor of f and 252?
28
Suppose r - 23 + 3 = 0. Let f = -71 + 251. Calculate the greatest common factor of f and r.
20
Suppose 0 = 5*a - 46 + 1. Suppose -5*j - 10 = -90. Let q = 25 - j. Calculate the greatest common factor of q and a.
9
Let p = 28 - -16. Calculate the highest common factor of p and 22.
22
Let g(m) = 4 - 2*m + m - 2*m. Let n be g(-7). Suppose -3*c - 2*o = -c - 14, 3*c = -2*o + 24. What is the highest common factor of n and c?
5
Suppose -h + 3 = -0*h. Let v(j) = 3*j**2 + 3*j - 1. Let o be v(h). What is the highest common factor of o and 14?
7
Let c = 77 - 53. Calculate the highest common factor of c and 264.
24
Suppose 2*r + 11 = 5*x + r, -2*x + 3 = r. Suppose -3*n - x*n + 20 = 0. Calculate the greatest common factor of n and 28.
4
Let r(q) = q + 3. Let u be r(-6). Let n(v) = v**2 + v. Let x be n(u). Let d be (56/x)/((-8)/(-60)). What is the highest common divisor of d and 10?
10
Let v be (68/2)/(5 - 3). What is the greatest common divisor of v and 153?
17
Let o(a) be the third derivative of a**6/15 + a**4/12 - a**3/6 + a**2. Let y be o(1). Let w = 113 + -32. What is the highest common factor of w and y?
9
Let t be ((-9)/(-2))/(4/136). Calculate the greatest common factor of t and 17.
17
Let z = -3 - 4. Let m(l) = l**2 + l - 7. Let b be m(z). Calculate the greatest common divisor of 5 and b.
5
Suppose 2*f = -6, -5*d = 3*f + 25 + 174. Let g = d + 78. Calculate the highest common divisor of g and 10.
10
Suppose -3*j = c + c - 144, 2*c - 112 = 5*j. Calculate the greatest common divisor of 33 and c.
33
Let w = 20 + 13. Suppose 5*j - 3*z = -z + 71, -w = -3*j - 2*z. Calculate the greatest common factor of 65 and j.
13
Let g(h) = 2*h**2 + 2*h - 2. Let f be g(-2). Suppose 3*z - b = -f, 0 = 3*z + 2*b - b - 8. Calculate the greatest common factor of z and 5.
1
Let r = -10 - -10. Suppose -1 = -k - 2*j + 1, -k + j + 11 = r. What is the greatest common divisor of 32 and k?
8
Let p(v) = 0*v**3 + 7*v**2 + v**3 + 5*v - 14*v - 7. Let x be p(-8). Suppose s = 13 - x. Calculate the greatest common factor of 8 and s.
4
Let v(g) be the second derivative of 25*g**4/3 + g. Let d be v(1). Calculate the greatest common factor of 20 and d.
20
Suppose 0*t + 240 = 3*t. Suppose -2*z + t = 3*z. Let x be (-3)/6 + (-33)/(-2). Calculate the highest common factor of z